 89933527 composite?
True
Is 76465496759 prime?
False
Is 225815617 a composite number?
False
Is 2121375953 a prime number?
True
Is 41775763951 a composite number?
False
Is 22231390109 prime?
False
Is 584755547 a composite number?
True
Is 46845209969 a prime number?
True
Is 50368427 a composite number?
False
Is 3834195479 composite?
False
Is 15403665707 prime?
False
Is 19739324039 prime?
True
Is 18395233789 a prime number?
False
Is 39493936931 prime?
True
Is 765402497 a prime number?
True
Is 33004769737 a prime number?
False
Is 1318114454 a composite number?
True
Is 259156771 a composite number?
False
Is 3290017897 prime?
False
Is 1456197421 a composite number?
True
Is 155031361 a composite number?
True
Is 6181835477 composite?
True
Is 269793267607 a composite number?
False
Is 13789089541 a prime number?
True
Is 959920211 prime?
False
Is 182466233 a composite number?
False
Is 6649594843 a prime number?
True
Is 18724977767 a prime number?
False
Is 5570658683 a composite number?
False
Is 7416589969 a prime number?
False
Is 6027672757 composite?
False
Is 25362336893 composite?
True
Is 1595473699 a prime number?
True
Is 20414414281 a prime number?
True
Is 54125437147 prime?
True
Is 25476000809 a prime number?
False
Is 332529667 a prime number?
True
Is 19736235013 composite?
True
Is 30400792199 a composite number?
True
Is 97330935241 prime?
False
Is 4158279091 a prime number?
True
Is 30833106461 a prime number?
True
Is 22762134503 prime?
False
Is 7211985559 composite?
False
Is 32105943641 composite?
True
Is 2465408041 composite?
False
Is 40020016297 composite?
False
Is 2809163107 a composite number?
False
Is 27938509 a composite number?
True
Is 73092319 prime?
False
Is 33664333211 composite?
False
Is 648246461 a prime number?
False
Is 17402508941 composite?
False
Is 9945670391 prime?
True
Is 26883407 prime?
False
Is 6963639497 a prime number?
True
Is 26259368263 prime?
True
Is 720639617 prime?
False
Is 56460232183 a composite number?
False
Is 19202753 prime?
False
Is 302863111 composite?
True
Is 553423477 composite?
False
Is 16278229831 a composite number?
False
Is 372321643 prime?
True
Is 480273551 composite?
False
Is 18508051 a composite number?
False
Is 7563510037 composite?
True
Is 4375875031 composite?
True
Is 705817991 composite?
False
Is 11353914073 composite?
False
Is 12683590583 prime?
True
Is 936982213 a prime number?
False
Is 480511361 prime?
False
Is 50665215691 a composite number?
False
Is 934038551 a prime number?
True
Is 26980265573 composite?
True
Is 3662288561 a prime number?
True
Is 19060364627 a prime number?
False
Is 136999549 a composite number?
True
Is 5999780357 composite?
False
Is 2393920733 a prime number?
True
Is 71118040921 a prime number?
True
Is 1443154181 prime?
False
Is 16354086607 a prime number?
False
Is 1074817613 prime?
True
Is 706565381 prime?
False
Is 15342637817 composite?
True
Is 411511379 prime?
True
Is 656981951 composite?
False
Is 19129259011 composite?
True
Is 32780353933 composite?
True
Is 477519301 a prime number?
False
Is 7321258653 a composite number?
True
Is 96132427 prime?
False
Is 1423873877 a prime number?
True
Is 202907017 a prime number?
True
Is 7554130379 prime?
True
Is 9909606211 a composite number?
True
Is 2020430567 composite?
False
Is 3691591949 prime?
False
Is 1005563891 composite?
False
Is 476073953 prime?
False
Is 113585970903 a prime number?
False
Is 219991391 a prime number?
True
Is 338192563 composite?
True
Is 492608491 prime?
False
Is 266558766619 a composite number?
False
Is 2221299871 prime?
False
Is 19276953853 a prime number?
False
Is 690557083 prime?
False
Is 141494272837 composite?
False
Is 20614916899 a composite number?
False
Is 565696601 composite?
False
Is 37481144749 a composite number?
False
Is 658962163 a composite number?
True
Is 281413667 composite?
True
Is 2966341538 a prime number?
False
Is 981157747 prime?
True
Is 432881399 prime?
True
Is 6997588385 a prime number?
False
Is 29765470837 composite?
True
Is 8141103679 a prime number?
False
Is 2879002769 a prime number?
True
Is 6585022813 a prime number?
True
Is 644676055 a composite number?
True
Is 801557891 a prime number?
True
Is 2212115209 prime?
False
Is 2875647209 composite?
False
Is 44562197581 composite?
True
Is 776313301 composite?
True
Is 5723164003 prime?
False
Is 122279749 composite?
False
Is 5314712903 composite?
False
Is 21257997727 prime?
True
Is 704350531 a composite number?
False
Is 2406225307 a prime number?
True
Is 14296134455 prime?
False
Is 261542654263 a composite number?
True
Is 18852293321 prime?
False
Is 3123672991 a composite number?
True
Is 12024697759 a prime number?
True
Is 128533415 a prime number?
False
Is 850663553 prime?
True
Is 694227901 a composite number?
False
Is 2952051457 composite?
False
Is 187412477 a prime number?
False
Is 1921723 a prime number?
True
Is 969422185 prime?
False
Is 3528684149 a composite number?
False
Is 7362195589 composite?
True
Is 440904109 composite?
True
Is 22644589273 prime?
True
Is 6639051819 a prime number?
False
Is 9894852959 a composite number?
True
Is 1528863761 composite?
True
Is 3102948362 prime?
False
Is 1582957349 prime?
True
Is 1195841431 a composite number?
False
Is 429623387 prime?
False
Is 176982791 a composite number?
True
Is 86897669 prime?
False
Is 175539631013 composite?
True
Is 992334749 a prime number?
False
Is 38288654851 prime?
False
Is 5137328543 a composite number?
False
Is 470291257 a composite number?
False
Is 718494371 a prime number?
False
Is 531777437123 a prime number?
True
Is 13151590581 composite?
True
Is 11267254807 composite?
False
Is 916411187 a prime number?
False
Is 2643128689 composite?
True
Is 10958318551 a prime number?
True
Is 10593732557 prime?
True
Is 8031124523 prime?
False
Is 5993483903 a prime number?
False
Is 7273472989 prime?
False
Is 264475397 composite?
False
Is 16288592759 a prime number?
False
Is 12046774781 a prime number?
True
Is 15020681281 prime?
True
Is 233941687 composite?
True
Is 36206426699 a prime number?
True
Is 211810721 a prime number?
True
Is 39516780067 prime?
False
Is 1938734033 prime?
True
Is 975002047 a prime number?
True
Is 1000477883 a composite number?
True
Is 306160488213 a prime number?
False
Is 64697553199 composite?
False
Is 1392872491 composite?
False
Is 543098047 a composite number?
True
Is 112074097349 prime?
False
Is 1850743703 a composite number?
False
Is 3982795457 composite?
False
Is 131524355 a composite number?
True
Is 85692051143 composite?
True
Is 2456657563 a prime number?
False
Is 4917827003 composite?
True
Is 6195324379 prime?
False
Is 38072787923 a composite number?
True
Is 35763694721 prime?
True
Is 7287268591 a composite number?
False
Is 110498651 a composite number?
False
Is 313586629 a prime number?
False
Is 18206333441 a composite number?
False
Is 1726039451 composite?
False
Is 1850406374 composite?
True
Is 4431443 composite?
False
Is 35094702593 prime?
True
Is 12174598199 a composite number?
True
Is 814053379 prime?
True
Is 33731392283 a composite number?
False
Is 46615665703 prime?
False
Is 2497169777 prime?
False
Is 10752926957 composite?
True
Is 1081379041 a composite number?
False
Is 565337831 a prime number?
True
Is 7510500821 prime?
True
Is 367785722543 composite?
False
Is 15486139 a composite number?
False
Is 47234749187 composite?
False
Is 8737541431 a composite number?
False
Is 476285366 a prime number?
False
Is 18248218447 a prime number?
True
Is 82125351797 composite?
False
Is 2582414899 prime?
False
Is 811042451 prime?
True
Is 457432411 composite?
False
Is 517783703 a composite number?
False
Is 6330494627 a prime number?
True
Is 5888723051 a composite number?
True
Is 1060837161 a prime number?
False
Is 1468971307 a prime number?
False
Is 338898692303 a composite number?
True
Is 849197759 a prime number?
True
Is 236952523 composite?
False
Is 15958262149 composite?
True
Is 16676481457 a prime number?
True
Is 315106054133 composite?
True
Is 1411844813 prime?
True
Is 20770727603 prime?
True
Is 8551434271 a composite number?
True
Is 164076931 prime?
True
Is 789763181 composite?
False
Is 388867529 a composite number?
False
Is 865835521 a composite number?
True
Is 150728973211 a composite number?
False
Is 30693488039 a prime number?
False
Is 24319501373 a 